{"id":10,"date":"2013-05-31T08:44:43","date_gmt":"2013-05-31T06:44:43","guid":{"rendered":"http:\/\/impreza3.us-themes.com\/"},"modified":"2026-02-02T13:34:59","modified_gmt":"2026-02-02T12:34:59","slug":"home","status":"publish","type":"page","link":"https:\/\/eimers.de\/ausbildung\/","title":{"rendered":"Home"},"content":{"rendered":"<section class=\"l-section wpb_row height_auto\"><div class=\"l-section-h i-cf\"><div class=\"g-cols vc_row via_grid cols_1 laptops-cols_inherit tablets-cols_inherit mobiles-cols_1 valign_top type_default stacking_default\"><div class=\"wpb_column vc_column_container\"><div class=\"vc_column-inner\">\n\t\t\t<!-- START nurhome REVOLUTION SLIDER 6.7.40 --><p class=\"rs-p-wp-fix\"><\/p>\n\t\t\t<rs-module-wrap id=\"rev_slider_27_1_wrapper\" data-source=\"gallery\" style=\"visibility:hidden;background:transparent;padding:0;margin:0px auto;margin-top:0;margin-bottom:0;\">\n\t\t\t\t<rs-module id=\"rev_slider_27_1\" style=\"\" data-version=\"6.7.40\">\n\t\t\t\t\t<rs-slides style=\"overflow: hidden; position: absolute;\">\n\t\t\t\t\t\t<rs-slide style=\"position: absolute;\" data-key=\"rs-89\" data-title=\"Slide-Home\" data-anim=\"adpr:false;\" data-in=\"o:0;\" data-out=\"a:false;\">\n\t\t\t\t\t\t\t<img decoding=\"async\" src=\"\/\/eimers.de\/ausbildung\/wp-content\/plugins\/revslider\/sr6\/assets\/assets\/dummy.png\" alt=\"Slide-Home\" title=\"Home\" class=\"rev-slidebg tp-rs-img rs-lazyload\" data-lazyload=\"\/\/eimers.de\/ausbildung\/wp-content\/plugins\/revslider\/sr6\/assets\/assets\/transparent.png\" data-bg=\"c:#b3cde9;\" data-parallax=\"off\" data-no-retina>\n<!--\n\t\t\t\t\t\t\t--><rs-layer\n\t\t\t\t\t\t\t\tid=\"slider-27-slide-89-layer-3\" \n\t\t\t\t\t\t\t\tclass=\"tp-shape tp-shapewrapper\"\n\t\t\t\t\t\t\t\tdata-type=\"shape\"\n\t\t\t\t\t\t\t\tdata-rsp_ch=\"on\"\n\t\t\t\t\t\t\t\tdata-xy=\"x:c;y:b;yo:-135px,-200px,-220px,-250px;\"\n\t\t\t\t\t\t\t\tdata-text=\"a:inherit;\"\n\t\t\t\t\t\t\t\tdata-dim=\"w:100%;h:400px;\"\n\t\t\t\t\t\t\t\tdata-basealign=\"slide\"\n\t\t\t\t\t\t\t\tdata-frame_1=\"sR:10;\"\n\t\t\t\t\t\t\t\tdata-frame_999=\"o:0;e:power4.in;st:w;sp:1000;sR:8690;\"\n\t\t\t\t\t\t\t\tstyle=\"z-index:8;\"\n\t\t\t\t\t\t\t><rs-bg-elem style=\"background: url('\/\/eimers.de\/ausbildung\/wp-content\/uploads\/revslider\/home\/funky_paint-4.png') repeat-x center top; background-size: contain;\"><\/rs-bg-elem>\n \n\t\t\t\t\t\t\t<\/rs-layer><!--\n\n\t\t\t\t\t\t\t--><rs-layer\n\t\t\t\t\t\t\t\tid=\"slider-27-slide-89-layer-4\" \n\t\t\t\t\t\t\t\tclass=\"rs-pxl-10\"\n\t\t\t\t\t\t\t\tdata-type=\"text\"\n\t\t\t\t\t\t\t\tdata-color=\"#b3cde9||#24fbbf||#24fbbf||#24fbbf\"\n\t\t\t\t\t\t\t\tdata-rsp_ch=\"on\"\n\t\t\t\t\t\t\t\tdata-xy=\"xo:75px,50px,40px,30px;yo:196px,50px,40px,30px;\"\n\t\t\t\t\t\t\t\tdata-text=\"s:45,40,30,30;l:45,40,30,30;fw:600;a:inherit;\"\n\t\t\t\t\t\t\t\tdata-padding=\"t:5,5,7,7;r:20;b:10;l:20;\"\n\t\t\t\t\t\t\t\tdata-frame_0=\"x:-200px;rZ:-2;\"\n\t\t\t\t\t\t\t\tdata-frame_1=\"rZ:-2;e:power4.out;st:500;sp:1000;sR:500;\"\n\t\t\t\t\t\t\t\tdata-frame_999=\"x:-200px;o:0;e:power4.in;st:w;sp:650;sR:7500;\"\n\t\t\t\t\t\t\t\tdata-loop_0=\"xR:2px;yR:2px;oX:50;oY:50;\"\n\t\t\t\t\t\t\t\tdata-loop_999=\"xR:2px;yR:2px;crd:t;sp:2000;yys:t;yyf:t;\"\n\t\t\t\t\t\t\t\tstyle=\"z-index:6;background-color:#29052a;font-family:'Oswald';\"\n\t\t\t\t\t\t\t>ELEKTRONIKER, <span style=\"color:#ffcc00;\">DER <\/span>JOB,\n \n\t\t\t\t\t\t\t<\/rs-layer><!--\n\n\t\t\t\t\t\t\t--><rs-layer\n\t\t\t\t\t\t\t\tid=\"slider-27-slide-89-layer-5\" \n\t\t\t\t\t\t\t\tclass=\"rs-pxl-10\"\n\t\t\t\t\t\t\t\tdata-type=\"text\"\n\t\t\t\t\t\t\t\tdata-color=\"#b3cde9||#24fbbf||#24fbbf||#24fbbf\"\n\t\t\t\t\t\t\t\tdata-rsp_ch=\"on\"\n\t\t\t\t\t\t\t\tdata-xy=\"xo:159px,70px,55px,40px;yo:253px,100px,80px,70px;\"\n\t\t\t\t\t\t\t\tdata-text=\"s:45,40,30,30;l:45,40,30,30;fw:600;a:inherit;\"\n\t\t\t\t\t\t\t\tdata-padding=\"t:5,5,7,7;r:20;b:10;l:20;\"\n\t\t\t\t\t\t\t\tdata-frame_0=\"x:200px;rZ:-2;\"\n\t\t\t\t\t\t\t\tdata-frame_1=\"rZ:-2;e:power4.out;st:600;sp:1000;sR:600;\"\n\t\t\t\t\t\t\t\tdata-frame_999=\"x:200px;o:0;e:power4.in;st:w;sp:650;sR:7400;\"\n\t\t\t\t\t\t\t\tdata-loop_0=\"xR:2px;yR:2px;oX:50;oY:50;\"\n\t\t\t\t\t\t\t\tdata-loop_999=\"xR:2px;yR:2px;crd:t;sp:2000;yys:t;yyf:t;\"\n\t\t\t\t\t\t\t\tstyle=\"z-index:7;background-color:#29052a;font-family:'Oswald';\"\n\t\t\t\t\t\t\t>DER <span style=\"color:#ffcc00;\">ZU EUCH <\/span> PASST! \n\t\t\t\t\t\t\t<\/rs-layer><!--\n\n\t\t\t\t\t\t\t--><rs-layer\n\t\t\t\t\t\t\t\tid=\"slider-27-slide-89-layer-14\" \n\t\t\t\t\t\t\t\tdata-type=\"image\"\n\t\t\t\t\t\t\t\tdata-rsp_ch=\"on\"\n\t\t\t\t\t\t\t\tdata-xy=\"xo:-1px,27px,11px,18px;yo:652px,575px,510px,436px;\"\n\t\t\t\t\t\t\t\tdata-text=\"l:22;a:inherit;\"\n\t\t\t\t\t\t\t\tdata-dim=\"w:1240px,972px,754px,446px;h:125px,98px,76px,45px;\"\n\t\t\t\t\t\t\t\tdata-frame_0=\"o:1;rZ:358;\"\n\t\t\t\t\t\t\t\tdata-frame_1=\"rZ:358;e:power4.inOut;sp:2000;sR:10;\"\n\t\t\t\t\t\t\t\tdata-frame_999=\"st:w;sp:1000;sR:6990;\"\n\t\t\t\t\t\t\t\tstyle=\"z-index:9;\"\n\t\t\t\t\t\t\t><img decoding=\"async\" src=\"\/\/eimers.de\/ausbildung\/wp-content\/plugins\/revslider\/sr6\/assets\/assets\/dummy.png\" alt=\"\" class=\"tp-rs-img rs-lazyload\" width=\"4136\" height=\"417\" data-lazyload=\"\/\/eimers.de\/ausbildung\/wp-content\/uploads\/revslider\/home\/nichts-fuer-langweiler-blau.png\" data-no-retina> \n\t\t\t\t\t\t\t<\/rs-layer><!--\n\n\t\t\t\t\t\t\t--><rs-layer\n\t\t\t\t\t\t\t\tid=\"slider-27-slide-89-layer-17\" \n\t\t\t\t\t\t\t\tclass=\"rev-btn\"\n\t\t\t\t\t\t\t\tdata-type=\"button\"\n\t\t\t\t\t\t\t\tdata-color=\"rgba(255,255,255,1)\"\n\t\t\t\t\t\t\t\tdata-xy=\"x:c;xo:29px,-48px,-51px,7px;yo:598px,509px,451px,361px;\"\n\t\t\t\t\t\t\t\tdata-text=\"s:25;l:60;fw:700;a:inherit;\"\n\t\t\t\t\t\t\t\tdata-dim=\"w:auto,300px,300px,300px;\"\n\t\t\t\t\t\t\t\tdata-actions='o:click;a:simplelink;target:_self;url:https:\/\/eimers.de\/ausbildung\/online-bewerbung\/;'\n\t\t\t\t\t\t\t\tdata-rsp_bd=\"off\"\n\t\t\t\t\t\t\t\tdata-padding=\"t:3;r:50;l:50;\"\n\t\t\t\t\t\t\t\tdata-frame_0=\"o:1;\"\n\t\t\t\t\t\t\t\tdata-frame_0_sfx=\"se:blocktotop;\"\n\t\t\t\t\t\t\t\tdata-frame_1=\"e:power4.inOut;st:1290;sp:860;sR:1290;\"\n\t\t\t\t\t\t\t\tdata-frame_1_sfx=\"se:blocktotop;\"\n\t\t\t\t\t\t\t\tdata-frame_999=\"o:0;st:w;sp:500;sR:6850;\"\n\t\t\t\t\t\t\t\tdata-frame_hover=\"bgc:#000;boc:#000;bor:0px,0px,0px,0px;bos:solid;oX:50;oY:50;td:underline;sp:0;\"\n\t\t\t\t\t\t\t\tstyle=\"z-index:10;background-color:#f62661;font-family:'Courier New', 'Courier', 'monospace';cursor:pointer;outline:none;box-shadow:none;box-sizing:border-box;-moz-box-sizing:border-box;-webkit-box-sizing:border-box;\"\n\t\t\t\t\t\t\t>HIER BEWERBEN \n\t\t\t\t\t\t\t<\/rs-layer><!--\n\n\t\t\t\t\t\t\t--><rs-layer\n\t\t\t\t\t\t\t\tid=\"slider-27-slide-89-layer-19\" \n\t\t\t\t\t\t\t\tdata-type=\"image\"\n\t\t\t\t\t\t\t\tdata-rsp_ch=\"on\"\n\t\t\t\t\t\t\t\tdata-xy=\"xo:270px,196px,174px,100px;yo:-36px,-6px,25px,117px;\"\n\t\t\t\t\t\t\t\tdata-text=\"l:22;a:inherit;\"\n\t\t\t\t\t\t\t\tdata-dim=\"w:747px,660px,516px,323px;h:678px,599px,469px,293px;\"\n\t\t\t\t\t\t\t\tdata-frame_0=\"o:1;rX:90deg;\"\n\t\t\t\t\t\t\t\tdata-frame_1=\"sp:1200;sR:10;\"\n\t\t\t\t\t\t\t\tdata-frame_999=\"o:0;rX:90deg;st:w;sp:500;sR:7790;\"\n\t\t\t\t\t\t\t\tstyle=\"z-index:5;\"\n\t\t\t\t\t\t\t><img decoding=\"async\" src=\"\/\/eimers.de\/ausbildung\/wp-content\/plugins\/revslider\/sr6\/assets\/assets\/dummy.png\" alt=\"Elektrotechnik Ausbildung\" class=\"tp-rs-img rs-lazyload\" width=\"1000\" height=\"908\" data-lazyload=\"\/\/eimers.de\/ausbildung\/wp-content\/uploads\/revslider\/home\/azubi1-blau-klein.png\" data-no-retina> \n\t\t\t\t\t\t\t<\/rs-layer><!--\n\n\t\t\t\t\t\t\t--><rs-layer\n\t\t\t\t\t\t\t\tid=\"slider-27-slide-89-layer-21\" \n\t\t\t\t\t\t\t\tdata-type=\"text\"\n\t\t\t\t\t\t\t\tdata-color=\"#000000\"\n\t\t\t\t\t\t\t\tdata-rsp_ch=\"on\"\n\t\t\t\t\t\t\t\tdata-xy=\"xo:700px,502px,391px,275px;yo:564px,471px,418px,326px;\"\n\t\t\t\t\t\t\t\tdata-text=\"s:40;l:40;fw:600;a:inherit;\"\n\t\t\t\t\t\t\t\tdata-padding=\"t:5;r:10;l:10;\"\n\t\t\t\t\t\t\t\tdata-frame_0=\"o:1;oY:0%;oZ:0%;\"\n\t\t\t\t\t\t\t\tdata-frame_0_chars=\"d:5;x:105%;o:1;rX:45deg;rY:0deg;rZ:90deg;\"\n\t\t\t\t\t\t\t\tdata-frame_0_mask=\"u:t;\"\n\t\t\t\t\t\t\t\tdata-frame_1=\"oY:0%;oZ:0%;e:power4.inOut;st:1500;sp:720;sR:1500;\"\n\t\t\t\t\t\t\t\tdata-frame_1_chars=\"d:5;\"\n\t\t\t\t\t\t\t\tdata-frame_1_mask=\"u:t;\"\n\t\t\t\t\t\t\t\tdata-frame_999=\"o:0;st:w;sp:520;sR:6580;\"\n\t\t\t\t\t\t\t\tstyle=\"z-index:11;background-color:#ffcc00;font-family:'Courier New', 'Courier', 'monospace';\"\n\t\t\t\t\t\t\t>JETZT \n\t\t\t\t\t\t\t<\/rs-layer><!--\n-->\t\t\t\t\t<\/rs-slide>\n\t\t\t\t\t\t<rs-slide style=\"position: absolute;\" data-key=\"rs-92\" data-title=\"Slide\" data-anim=\"adpr:false;\">\n\t\t\t\t\t\t\t<img decoding=\"async\" src=\"\/\/eimers.de\/ausbildung\/wp-content\/plugins\/revslider\/sr6\/assets\/assets\/dummy.png\" alt=\"Slide\" title=\"Home\" class=\"rev-slidebg tp-rs-img rs-lazyload\" data-lazyload=\"\/\/eimers.de\/ausbildung\/wp-content\/plugins\/revslider\/sr6\/assets\/assets\/transparent.png\" data-parallax=\"off\" data-no-retina>\n<!---->\t\t\t\t\t<\/rs-slide>\n\t\t\t\t\t<\/rs-slides>\n\t\t\t\t<\/rs-module>\n\t\t\t\t<script>\n\t\t\t\t\tsetREVStartSize({c: 'rev_slider_27_1',rl:[1240,1024,778,480],el:[800,700,600,500],gw:[1240,1024,778,480],gh:[800,700,600,500],type:'standard',justify:'',layout:'fullwidth',mh:\"0\"});if (window.RS_MODULES!==undefined && window.RS_MODULES.modules!==undefined && window.RS_MODULES.modules[\"revslider271\"]!==undefined) {window.RS_MODULES.modules[\"revslider271\"].once = false;window.revapi27 = undefined;if (window.RS_MODULES.checkMinimal!==undefined) window.RS_MODULES.checkMinimal()}\n\t\t\t\t<\/script>\n\t\t\t<\/rs-module-wrap>\n\t\t\t<!-- END REVOLUTION SLIDER -->\n<div class=\"wpb_text_column\"><div class=\"wpb_wrapper\"><h2>Ausbildung zum Elektroniker\/in<\/h2>\n<\/div><\/div><div class=\"wpb_text_column\"><div class=\"wpb_wrapper\"><h3>Fachrichtung Energie- und Geb\u00e4udetechnik (w\/m\/d) 2026<\/h3>\n<\/div><\/div><div class=\"w-separator size_medium\"><\/div><div class=\"wpb_text_column\"><div class=\"wpb_wrapper\"><p>Zum 1. August 2026 suchen wir Euch f\u00fcr die 3,5-j\u00e4hrige Ausbildung zum Elektroniker f\u00fcr Energie- und Geb\u00e4udetechnik bei Elektrotechnik EIMERS in Hamminkeln. Die Berufsschule befindet sich in Wesel und wird blockweise besucht. Insgesamt sind noch 9 \u00fcberbetriebliche Lehrg\u00e4nge in Moers zu absolvieren, damit Ihr alle Fachbereiche der Elektronik im \u00dcberblick kennenlernt.<\/p>\n<div class=\"info\">\n<div><strong>Eure Aufgaben w\u00e4hrend der Ausbildung:<br \/>\n<\/strong><\/div>\n<div>In der Zeit als Azubi zum Elektroniker f\u00fcr Energie- und Geb\u00e4udetechnik<\/div>\n<\/div>\n<div><\/div>\n<ul>\n<li>lernt Ihr Systeme der Energieversorgung zu konzipieren<\/li>\n<li>macht Ihr Euch mit der Installation, \u00dcberwachung, Wartung und Instandhaltung verschiedener Anlagen vertraut, zu denen unter anderem Steuer- und Regeleinrichtungen sowie auch dezentrale Energie- und Notstromversorgungsanlagen geh\u00f6ren<\/li>\n<li>Ihr lernt die Inbetriebnahme von energie-\u00a0 und geb\u00e4udetechnischen Systemen kennen<\/li>\n<li>ebenso St\u00f6rungen zu analysieren und zu beseitigen<\/li>\n<li>zu Pr\u00fcf-, Mess- und Diagnoseverfahren werdet Ihr Euch die Kenntnisse aneignen und Ihr erfahrt, wie Ihr technisch und fachm\u00e4nnisch dokumentiert<\/li>\n<\/ul>\n<div class=\"info\">\n<div><strong>W\u00e4hrend Eurer Ausbildung<\/strong><\/div>\n<ul>\n<li>helft Ihr unsere technischen Anlagen immer einsatzbereit zu halten<\/li>\n<li>k\u00fcmmert Ihr Euch um die Wartung und Instandhaltung von elektronischen Bauteilen<\/li>\n<li>und sorgt daf\u00fcr, dass unsere Anlagen regelm\u00e4\u00dfig gepr\u00fcft und gewartet werden<\/li>\n<li>und Ihr begleitet unsere erfahrenen Mitarbeiter auch zu den unterschiedlichsten Baustellen und sammelt so Eure Erfahrungen<\/li>\n<\/ul>\n<div><strong>Euer Profil:\u00a0<\/strong><\/div>\n<div>\n<ul>\n<li>Ihr beendet bald erfolgreich die Schule und bringt mindestens den Hauptschulabschluss mit<\/li>\n<li>Ihr habt Spa\u00df an Mathe, Physik und Technik<\/li>\n<li>Ihr seid handwerklich geschickt und t\u00fcftelt gerne an elektronischen Anlagen<\/li>\n<li>Ihr arbeitet gerne im Team, seid gewissenhaft und selbstst\u00e4ndig<\/li>\n<li>Ihr wollt euch eine Zukunft aufbauen<\/li>\n<\/ul>\n<p>Trifft das alles auf Euch zu, dann bewerbt Euch jetzt!<\/p>\n<\/div>\n<\/div>\n<\/div><\/div><div class=\"w-btn-wrapper align_center\"><a class=\"w-btn us-btn-style_2\" href=\"https:\/\/eimers.de\/ausbildung\/online-bewerbung\/\"><span class=\"w-btn-label\">JETZT BEWERBEN<\/span><\/a><\/div><div class=\"w-separator size_medium\"><\/div><\/div><\/div><\/div><\/div><\/section>\n","protected":false},"excerpt":{"rendered":"ELEKTRONIKER, DER JOB, DER ZU EUCH PASST! HIER BEWERBEN JETZT Ausbildung zum Elektroniker\/in Fachrichtung Energie- und Geb\u00e4udetechnik (w\/m\/d) 2026 Zum 1. August 2026 suchen wir Euch f\u00fcr die 3,5-j\u00e4hrige Ausbildung zum Elektroniker f\u00fcr Energie- und Geb\u00e4udetechnik bei Elektrotechnik EIMERS in Hamminkeln. Die Berufsschule befindet sich in Wesel und wird blockweise besucht. Insgesamt sind noch 9...","protected":false},"author":1,"featured_media":0,"parent":0,"menu_order":0,"comment_status":"closed","ping_status":"closed","template":"","meta":{"footnotes":""},"class_list":["post-10","page","type-page","status-publish","hentry"],"_links":{"self":[{"href":"https:\/\/eimers.de\/ausbildung\/wp-json\/wp\/v2\/pages\/10","targetHints":{"allow":["GET"]}}],"collection":[{"href":"https:\/\/eimers.de\/ausbildung\/wp-json\/wp\/v2\/pages"}],"about":[{"href":"https:\/\/eimers.de\/ausbildung\/wp-json\/wp\/v2\/types\/page"}],"author":[{"embeddable":true,"href":"https:\/\/eimers.de\/ausbildung\/wp-json\/wp\/v2\/users\/1"}],"replies":[{"embeddable":true,"href":"https:\/\/eimers.de\/ausbildung\/wp-json\/wp\/v2\/comments?post=10"}],"version-history":[{"count":31,"href":"https:\/\/eimers.de\/ausbildung\/wp-json\/wp\/v2\/pages\/10\/revisions"}],"predecessor-version":[{"id":6663,"href":"https:\/\/eimers.de\/ausbildung\/wp-json\/wp\/v2\/pages\/10\/revisions\/6663"}],"wp:attachment":[{"href":"https:\/\/eimers.de\/ausbildung\/wp-json\/wp\/v2\/media?parent=10"}],"curies":[{"name":"wp","href":"https:\/\/api.w.org\/{rel}","templated":true}]}}